Is 190469 a prime number?
False
Is 274145 a prime number?
False
Is 246733 composite?
True
Is 2413 a composite number?
True
Is 8997 composite?
True
Is 6089 a composite number?
False
Is 1139041 composite?
False
Is 68339 a prime number?
False
Is 11359 a composite number?
True
Is 225259 a prime number?
False
Is 1801 prime?
True
Is 18119 composite?
False
Is 133349 composite?
False
Is 641711 a prime number?
False
Is 86047 a composite number?
True
Is 362851 a prime number?
True
Is 1131155 prime?
False
Is 679 a composite number?
True
Is 8423301 prime?
False
Is 8309 a prime number?
False
Is 10015 a composite number?
True
Is 3947 a prime number?
True
Is 30815 a prime number?
False
Is 6433 a composite number?
True
Is 478963 a composite number?
False
Is 18899 prime?
True
Is 54829 a prime number?
True
Is 953201 prime?
False
Is 195267 prime?
False
Is 1829261 prime?
False
Is 85219 a prime number?
False
Is 673 prime?
True
Is 24523 a prime number?
False
Is 18563 composite?
True
Is 507371 prime?
True
Is 47237 prime?
True
Is 119837 composite?
True
Is 220009 a prime number?
True
Is 5381 a prime number?
True
Is 2266683 a composite number?
True
Is 265703 a prime number?
True
Is 129707 composite?
False
Is 200429 prime?
False
Is 2987 a composite number?
True
Is 26079 composite?
True
Is 27769 a prime number?
False
Is 203 prime?
False
Is 73673 prime?
True
Is 6349 a prime number?
False
Is 94201 composite?
False
Is 615577 prime?
True
Is 60659 composite?
False
Is 13799 composite?
False
Is 2939 a prime number?
True
Is 94559 a composite number?
False
Is 13253 a prime number?
False
Is 839 a composite number?
False
Is 10301 prime?
True
Is 12385 a composite number?
True
Is 1847 prime?
True
Is 59379 a composite number?
True
Is 24937 a composite number?
True
Is 38993 a composite number?
False
Is 1383946 prime?
False
Is 36229 a composite number?
False
Is 739 composite?
False
Is 481711 a prime number?
False
Is 639959 a composite number?
False
Is 13261 prime?
False
Is 491 a composite number?
False
Is 465482 a prime number?
False
Is 133459 composite?
True
Is 2609 prime?
True
Is 51263 composite?
False
Is 14242 prime?
False
Is 406411 prime?
False
Is 749249 a prime number?
True
Is 118127 prime?
True
Is 14693 a prime number?
False
Is 10793 a composite number?
True
Is 7283 a prime number?
True
Is 297439 composite?
False
Is 12335 prime?
False
Is 232567 a prime number?
True
Is 1212339 a composite number?
True
Is 482569 prime?
True
Is 633397 a prime number?
False
Is 769411 composite?
False
Is 1357997 a composite number?
True
Is 3593 composite?
False
Is 567667 a composite number?
False
Is 2376271 a composite number?
False
Is 12381 prime?
False
Is 6641 prime?
False
Is 15187 composite?
False
Is 69063 a prime number?
False
Is 38261 prime?
True
Is 243907 a composite number?
True
Is 1213123 a prime number?
False
Is 8741 composite?
False
Is 125857 prime?
False
Is 3659 a prime number?
True
Is 9277 composite?
False
Is 16787 a composite number?
False
Is 3491 a prime number?
True
Is 142261 a prime number?
False
Is 1717913 composite?
False
Is 126349 prime?
True
Is 1361 a composite number?
False
Is 11177 a composite number?
False
Is 26797 a prime number?
False
Is 16559 a prime number?
False
Is 143411 composite?
True
Is 1613071 a composite number?
True
Is 2749373 a composite number?
True
Is 1097 prime?
True
Is 6947 a composite number?
False
Is 1223 composite?
False
Is 112901 composite?
False
Is 34681 a composite number?
True
Is 114761 composite?
False
Is 1169555 composite?
True
Is 74257 prime?
True
Is 3433 composite?
False
Is 719 prime?
True
Is 354581 a composite number?
False
Is 767 prime?
False
Is 88069 a prime number?
True
Is 308953 a composite number?
True
Is 4619 composite?
True
Is 13911 composite?
True
Is 24359 a prime number?
True
Is 12247 a prime number?
False
Is 11177 composite?
False
Is 157951 a prime number?
True
Is 39281 a composite number?
True
Is 421273 composite?
False
Is 2153 composite?
False
Is 13289 prime?
False
Is 46318 composite?
True
Is 11777 a prime number?
True
Is 94253 a prime number?
True
Is 3589 composite?
True
Is 272791 composite?
True
Is 817345 a composite number?
True
Is 1117 a composite number?
False
Is 251939 a prime number?
True
Is 18883 a composite number?
True
Is 325981 a composite number?
True
Is 35951 a prime number?
True
Is 29009 prime?
True
Is 1412219 a composite number?
False
Is 9589 composite?
True
Is 256517 a composite number?
False
Is 38957 composite?
True
Is 40607 a prime number?
False
Is 109639 prime?
True
Is 12143 a prime number?
True
Is 787021 prime?
True
Is 13499 a prime number?
True
Is 90299 a prime number?
False
Is 55547 a composite number?
False
Is 60149 composite?
False
Is 2998 composite?
True
Is 23007 a prime number?
False
Is 381119 a composite number?
True
Is 11479 prime?
False
Is 3271 composite?
False
Is 1009 a composite number?
False
Is 20269 a composite number?
False
Is 1823 a composite number?
False
Is 147233 a prime number?
False
Is 18373 a composite number?
True
Is 1258403 a composite number?
False
Is 371 composite?
True
Is 52565 prime?
False
Is 387643 a prime number?
False
Is 11851 a composite number?
True
Is 437629 a composite number?
False
Is 618023 a prime number?
False
Is 351959 a prime number?
True
Is 65981 a prime number?
True
Is 11359 composite?
True
Is 10213 prime?
False
Is 19167 prime?
False
Is 1889 a prime number?
True
Is 187 a prime number?
False
Is 11443 a prime number?
True
Is 2059 a prime number?
False
Is 21209 composite?
True
Is 843 a prime number?
False
Is 23081 a composite number?
False
Is 17159 a composite number?
False
Is 7261 composite?
True
Is 1937 prime?
False
Is 4791 prime?
False
Is 1053179 a prime number?
True
Is 291721 prime?
True
Is 50581 composite?
False
Is 39187 composite?
True
Is 132631 a prime number?
True
Is 54709 a composite number?
False
Is 4321 a composite number?
True
Is 134449 a composite number?
True
Is 2221 a composite number?
False
Is 91229 a composite number?
False
Is 104435 prime?
False
Is 1901 prime?
True
Is 29261 a prime number?
False
Is 3377 a composite number?
True
Is 11707 prime?
False
Is 69985 a prime number?
False
Is 174567 composite?
True
Is 15937 prime?
True
Is 453683 prime?
True
Is 408169 a composite number?
False
Is 319099 composite?
True
Is 1309297 a composite number?
True
Is 16843 a prime number?
True
Is 21974 composite?
True
Is 216437 a composite number?
True
Is 272621 a prime number?
True
Is 40451 a composite number?
True
Is 5686 composite?
True
Is 5731 a prime number?
False
Is 71017 a prime number?
False
Is 193423 a prime number?
True
Is 485657 a prime number?
True
Is 69393 a composite number?
True
Is 1597 composite?
False
Is 7327 a prime number?
False
Is 3797 a composite number?
False
Is 119227 composite?
False
Is 10367 composite?
True
Is 35051 composite?
False
Is 20921 composite?
False
Is 122131 a prime number?
True
Is 21817 prime?
True
Is 2647 a prime number?
True
Is 3737 composite?
True
Is 352931 a composite number?
False
Is 372617 prime?
False
Is 37763 a prime number?
False
Is 297757 a composite number?
False
Is 379985 a prime number?
False
Is 3827 a prime number?
False
Is 138161 a composite number?
True
Is 2719 composite?
False
Is 6635 a composite number?
True
Is 2149 prime?
False
Is 4721 a prime number?
True
Is 24197 a composite number?
False
Is 19667 composite?
True
Is 14107 prime?
True
Is 5711 a prime number?
True
Is 882793 a prime number?
False
Is 3309 a prime number?
False
Is 29789 composite?
False
Is 77 a composite number?
True
Is 1343 composite?
True
Is 4222 composite?
True
Is 31441 a composite number?
True
Is 6017 a prime number?
False
Is 55849 a prime number?
True
Is 1543 composite?
False
Is 56983 prime?
True
Is 78467 a composite number?
False
Is 374483 a prime number?
True
Is 1361 a composite number?
False
Is 3006741 prime?
False
Is 209639 prime?
True
Is 3554 a composite number?
True
Is 1738411 composite?
False
Is 2078287 a composite number?
False
Is 163463 a prime number?
False
Is 282991 a composite number?
False
Is 1155221 a composite number?
True
Is 174129 composite?
True
Is 2757035 a composite number?
True
Is 11329 a composite number?
False
Is 12179 prime?
False
Is 6613 prime?
False
Is 8543 a composite number?
False
Is 541 a prime number?
True
Is 6211 a composite n